. Calculate the remainder when u is divided by 5.
4
Suppose 2*s = 68 + 128. Suppose 0 = -z - z + s. Suppose 0 = -5*l + z + 26. Calculate the remainder when 28 is divided by l.
13
Let n = -40 + 53. Let u(m) be the first derivative of -9*m**2/2 + 2*m - 1. Calculate the remainder when u(-4) is divided by n.
12
Let j = -107 - -191. What is the remainder when j is divided by 29?
26
Let c = -2 - 0. Let a be (-4)/14 - c/7. Suppose -q = -12 - a. What is the remainder when 35 is divided by q?
11
Suppose -x - 2*k = -146, 0*x - k = -4*x + 593. Let o = x + -94. Calculate the remainder when o is divided by 19.
16
Suppose 4*i - 2*a = a + 28, 2*a + 4 = -i. Suppose 2*l - 34 = -i*g - 0*l, -3*g - 3*l + 33 = 0. What is the remainder when 22 is divided by g?
4
Let l(y) = -2*y**3 - 3*y**2 + 15*y - 1. Calculate the remainder when l(-5) is divided by 25.
24
Suppose -6 = 4*f - 7*f. Suppose -f*c + 3 = -c. Let s(z) = z**2 - 3*z + 3. What is the remainder when s(4) is divided by c?
1
Let a(y) = 2*y**2 + 8*y + 2. Calculate the remainder when 58 is divided by a(-5).
10
Suppose 23 = 4*z - 49. Calculate the remainder when z is divided by 7.
4
Calculate the remainder when 0 - ((0 - 2) + -25) is divided by 7.
6
Let x be (-86)/(-10) - 14/(-35). Let c = -7 + x. What is the remainder when 5 is divided by c?
1
Let x(s) = -s**2 + 4*s - 1. Let u be x(7). Let d = 32 + u. Calculate the remainder when 38 is divided by d.
8
Suppose -4*p + 1 = 89. Calculate the remainder when 38 is divided by 32/6*(-33)/p.
6
Suppose -3*a = -2*x - 14, 5*a - 55 = 4*x - 7*x. Let h be -23 - 1/1 - 2. Let w = h + 48. Calculate the remainder when w is divided by a.
6
What is the remainder when 61 is divided by (11/(-22))/((-2)/64)?
13
Let y(j) = -12*j - 13. What is the remainder when y(-6) is divided by 20?
19
Let i(z) = 6*z**2 + 3*z - 5. Let o be i(5). Suppose 6*u - u = o. What is the remainder when u is divided by 17?
15
Let i(z) = 20*z**3 + z**2 + 2*z + 1. Let n be i(-1). Let r = n - -38. What is the remainder when r is divided by 10?
8
Suppose -4 = -2*h + 44. What is the remainder when 66 is divided by h?
18
Let q(y) = 9*y - 6. Let k(u) = -6*u + 4. Suppose 25 = -2*g + 7*g. Let i(l) = g*q(l) + 7*k(l). Calculate the remainder when 10 is divided by i(2).
2
Let x = -2 - -2. Suppose -2*o + 80 = -x*o. Let h = -29 + o. Calculate the remainder when 32 is divided by h.
10
Let i(p) = p + 2. Let o be i(3). Suppose 4*x + 0*w + 155 = -o*w, 4*w = -12. Let r = -1 - x. What is the remainder when r is divided by 12?
10
Suppose 0 = r - o - 11, -o - 43 = -r - 4*r. Let l = r - 3. What is the remainder when 19 is divided by l?
4
Let k(x) = x**3 - x**2 + 4*x + 56. Calculate the remainder when k(0) is divided by 291/15 - (-2)/(-5).
18
Let o(f) = f + 10. Suppose -3*r + 3*c - 24 = 0, -r + 5 = -4*c + 19. What is the remainder when o(r) is divided by 2?
0
What is the remainder when 47 is divided by -1 + 3 - (0 - 23)?
22
Suppose 0 = 8*z - 407 - 529. What is the remainder when z is divided by 41?
35
Suppose -4*x = -6*x + 12. Calculate the remainder when 16 is divided by x.
4
Let z(d) = -d**2 + 7*d + 15. Let m be z(8). Calculate the remainder when 10/(-35) + 184/m is divided by 13 - 0 - (0 - 1).
12
Let o(l) = 2*l**2 - 3*l + 7. What is the remainder when o(-3) is divided by 7?
6
Let z(b) = b**2 + 2*b + 3. Let q be z(5). Let g = q - 9. Calculate the remainder when g is divided by 15.
14
Suppose -4*p = -p - m + 5, -4*p + 2 = 3*m. Let n = 5 + p. Calculate the remainder when 13 is divided by n.
1
Let v be (8/2)/2 - 6. Let c be ((-2)/6)/(v/60). Suppose 3*p = c*y + 46, -8 = 3*y + y. Calculate the remainder when p is divided by 7.
5
Let u = -9 + 35. What is the remainder when u is divided by 7?
5
Let l(q) = -q**3 + 14*q**2 + 17*q - 10. Suppose -2*b + 4 = -4. Let s(m) = m**3 - 2*m**2 - 4*m - 5. What is the remainder when l(15) is divided by s(b)?
9
Let f(j) = -6*j - 4. Suppose 16 = h + 5*w + 35, 0 = -5*h - 4*w + 10. Suppose 6 + h = -4*s. What is the remainder when 40 is divided by f(s)?
12
Suppose t = 5*t - 280. Calculate the remainder when t is divided by 18.
16
Let t be -4 - -1 - (-1 + 145). What is the remainder when t*(3 - 20/6) is divided by 17?
15
Let q = -7 - -39. Calculate the remainder when q is divided by 9.
5
Suppose -18*s = -16*s - 26. What is the remainder when 24 is divided by s?
11
Let t = 4 - 5. What is the remainder when t - (0/(-2) + -29) is divided by 10?
8
Let u = -7 + 5. Calculate the remainder when 2*7/u*-1 is divided by 4.
3
What is the remainder when 21 is divided by (-4 - -13) + 4/(-4)?
5
Suppose 3*i = i. Suppose i*d - 60 = -3*d. What is the remainder when d is divided by 11?
9
Suppose -524 = -4*c - 3*b, -5*b + 82 = -2*c + 318. Calculate the remainder when c is divided by 26.
24
Let v be 41*-12*(-2)/4. Let d(n) = 2*n + 1. What is the remainder when ((-1)/(-2))/(3/v) is divided by d(5)?
8
Let o(l) = l**2 - 3*l. Let j be o(3). What is the remainder when 55 is divided by (-58 + j)/(-10 - -8)?
26
Suppose 4*b + 9*w = 4*w + 19, 2*b - 3*w - 37 = 0. What is the remainder when b is divided by 8?
3
Let h = 5 - 4. Suppose -r + h = -2. What is the remainder when r is divided by 2?
1
Let y = 76 + -61. Let q = 11 - 5. Calculate the remainder when y is divided by q.
3
Suppose -2*x + 21 = 5*t - 57, 4*x = -2*t + 44. Calculate the remainder when 40 is divided by t.
12
Suppose -4*b + q + 49 = -2*q, 5*b + 3*q = 41. Let c = 87 - 81. What is the remainder when b is divided by c?
4
Let m(g) = 17*g - 2. Let y be m(3). Suppose 5*z - 4*c - 31 = y, -4*z = 4*c - 28. Suppose 6*i - 22 = 5*i. What is the remainder when i is divided by z?
10
Let v = -16 + 44. Calculate the remainder when v is divided by 3 - ((-2)/(-3))/((-10)/105).
8
Let u = -24 + 31. Calculate the remainder when u is divided by 2.
1
Let l = 14 + 2. Calculate the remainder when 42 is divided by l.
10
Let h = -13 + 23. Let y = 22 - h. What is the remainder when 34 is divided by y?
10
Let s = -108 + 58. Let z = 90 + s. What is the remainder when z is divided by ((-6)/(-4))/(9/84)?
12
Suppose 5*g = 5*s, 0 = -s + 3*s + 5*g - 14. What is the remainder when 3*(1 - (-2)/(-6)) is divided by s?
0
Let q = 60 + -40. Suppose -3*j + 4*j = 46. Suppose -2 = 4*r - j. Calculate the remainder when q is divided by r.
9
Let p(g) be the third derivative of g**4/24 + 13*g**3/6 - 4*g**2. Suppose i + 0*i = 7. Calculate the remainder when i is divided by p(-10).
1
Suppose 25 = 5*x, -22 - 2 = -4*w + 4*x. Let s = -5 + w. Suppose 7*u - 33 = 4*u. Calculate the remainder when u is divided by s.
5
Let t be 2/(-1)*-1*-43. Let w be 0 - (-3)/6*t. Let j = -30 - w. Calculate the remainder when 38 is divided by j.
12
Calculate the remainder when (-4)/(-22) - 414/(-22) is divided by 5.
4
Let i = 10 - 3. Let d(a) = 27*a**2 + a - 2. Calculate the remainder when d(1) is divided by i.
5
Let w(m) = -m**2 - 6*m + 3. Let v be w(-6). Suppose v*x - 7 - 2 = 0. Suppose -2*k - 2*h = -2, 2*h + 20 = 3*k - x. What is the remainder when k is divided by 3?
2
Suppose -3*l = -0*n - n + 16, 2*n - 4*l - 40 = 0. Calculate the remainder when 83 is divided by n.
27
Let b = -71 + 104. What is the remainder when b is divided by 9?
6
Let a(r) = -r**3 - r - 2. Let h be a(-3). Calculate the remainder when 27 is divided by (-198)/(-21) + 16/h.
7
Let i = -94 + 96. What is the remainder when (5/(-3))/((-2)/6) is divided by i?
1
Suppose 3*d - 22 = d + 4*t, -5*d + 5*t = -60. What is the remainder when d is divided by 4?
1
Suppose o + 3 = -1. Let i = o + 7. Suppose -i*d + 56 = 5*b, 2*b + 3*d - 16 = b. What is the remainder when 28 is divided by b?
8
Let w be -4*(-2 + 1 - -2). What is the remainder when -1 - w/(16/12) is divided by 2?
0
Let z be 18/(-3)*(-1 - 0). Suppose 5*t + 105 = 5*c, 2*t + 21 = c + z*t. Let u = c + -14. What is the remainder when 13 is divided by u?
6
Let s be (24/(-15))/((-2)/(-15)). Let a be (-28)/(-6) - 4/s. What is the remainder when 399/15 - (-2)/a is divided by 14?
13
Let t(i) = -i**2 + 5*i + 59. What is the remainder when t(8) is divided by 1/(1/12) - 0?
11
Let t(s) = -3*s**3 - 3*s**2 + 2*s - 4. What is the remainder when t(-3) is divided by 62/4 - 2/4?
14
Let l(v) = -v**2 + 6*v. Let w be l(6). Suppose 2*f + 2*r + 2 = w, -8*r + 2 = 2*f - 4*r. Calculate the remainder when 9 is divided by -1 - 2*(f + 1).
0
Let p(o) = 27*o. Let